 + x. Let r be i(-1). Let d(t) = t**3 + 4*t**2 - 13*t - 3. Let l be d(-6). Let w(c) = l + 20*c + 0 - r*c - 6. Determine w(-7).
4
Let w(u) = u**2 + 2*u + 1. Suppose -4*b = r - 193, b + 337 + 384 = 4*r. Let m = r - 186. What is w(m)?
16
Let m be 126/8 + (-1)/(-4). Let k = -22 + m. Let i(f) be the first derivative of -f**4/4 - 2*f**3 - f**2/2 - 3*f + 1652. Calculate i(k).
3
Let h be 3 - 48/20 - 3/5. Let q(f) = f + 1. Let u be q(h). Let c(t) be the third derivative of t**4/4 - t**3/6 - t**2. What is c(u)?
5
Let t(p) = -4*p + 19. Suppose -9*a - 44 + 89 = -0*a. Determine t(a).
-1
Let w(a) = 7*a**3 - a**2 - a - 1. Suppose 10*o = 3*o. Suppose o = 4*k - x + 3, 3*x + 0 = 2*k - 1. Give w(k).
-8
Let b(z) = z**2 - z - 93. Let g be b(-8). Let l(o) = 3*o + 69. Calculate l(g).
6
Let h = 172 - 159. Let c(o) = 11*o**2 + 13*o - 3. Let r(z) = 5*z**2 + 6*z - 1. Let n(j) = h*r(j) - 6*c(j). Give n(5).
-20
Let b be 1*(3 + 1045) - 2. Suppose -1054*k + b*k = 40. Let c(n) = n**3 + 7*n**2 + 4*n - 1. Determine c(k).
29
Let z(q) = q**3 - 4*q**2 + 2*q + 4. Let b = -31 + 35. Let l be (b + 19/2)/((-1)/(-2)). Suppose -4*f = 2*j + 11 - l, -3*f + 5*j - 1 = 0. What is z(f)?
1
Let x(j) = -j**3 + j**2 + 39*j - 12. Let d be x(-6). Let k(o) = -6 - 7 - 5 - 8 + 2*o**2 + 24 + d*o. Determine k(-5).
18
Suppose 56*g - 4 = 52. Let t(s) = -3*s - 11. Let r be t(-8). Let p(l) = -r + 14 - 8*l + 20*l. Determine p(g).
13
Let v be (24/14 - 2) + 632/56. Suppose 16 = 4*y + 4*p, y - p - v = 3. Suppose y*a = 7*a + 4. Let w(k) = k - 1. Calculate w(a).
1
Let t(p) = -p**2 + 2*p + 8. Let y(f) = -f**2 - 64*f - 1002. Let n be y(-37). What is t(n)?
-7
Suppose 38*x - 110 = 118. Let r be 3 + -1 + (x - 4) - 4. Let n(y) = -y - 8. Determine n(r).
-8
Let t(z) = -z**3 - 7*z**2 - 2*z - 8. Suppose -3*a + 4*w = -0*w + 14, 0 = 3*a + 5*w - 31. Let n be ((-6)/(-12))/(a/4)*46. Suppose -n + 18 = 4*d. Determine t(d).
6
Let z(g) = -4 - 428*g + 238*g + 192*g. Let l(n) = 3*n - 2. Let p be l(2). Give z(p).
4
Let r(g) = g - 1. Let c = 4 - -9. Let p(o) = -3 + 0 - 75*o + 1 + 36*o + 41*o. Let b(u) = c*r(u) - 6*p(u). Give b(7).
6
Let g(z) be the first derivative of 3*z**2/2 + z + 2061. Determine g(-3).
-8
Suppose -3*l = -12*l + 18. Suppose 21 = -2*o + 5*q - 66, -2*o = -l*q + 84. Let u = -45 - o. Let i(d) = d**2 + 2*d + 2. Determine i(u).
10
Let g(p) = -3*p - 10. Let j(w) = w + 3. Let x(l) = -4*g(l) - 11*j(l). Let c = 236 - 217. Suppose -2*n - c = 3*n - 4*s, 6 = -2*n + 2*s. What is x(n)?
0
Let a be (2 - 3)*(-2 + 7). Suppose 3*l - 6*l = -3. Let s(d) = 7*d**2 + 6*d - 11. Let m(i) = -i**2 + 1. Let p(z) = l*s(z) + 6*m(z). Calculate p(a).
-10
Let g be 14/(-56) + 175/(-4). Let o = g + 65. Suppose -2 = -4*c - 0*c + 2*x, 5*x + o = 2*c. Let i(j) = -j**3 + 3*j**2 + 3*j. What is i(c)?
14
Let x(o) = 72*o**2 + 43*o + 49. Let i(f) = -29*f**2 - 21*f - 25. Let s(y) = -5*i(y) - 2*x(y). Give s(-18).
9
Let s(a) = 38*a - 8. Let b(k) = -13*k + 3. Suppose 5*z - 70 = 6*y - y, -10 = -5*z. Let f be 129/y - 4/16. Let n(x) = f*b(x) - 4*s(x). Calculate n(1).
-10
Suppose -6 = -12*s + 6*s. Let z(o) = -s + 16*o + o**2 + 2 - 12*o + 5*o. Let d = -14 - -5. Give z(d).
1
Let n(z) = z**2 - 166*z - 16*z + 12 - 17*z + 200*z. Suppose 3*o = 4*o. Give n(o).
12
Let p(m) = m**3 + 78*m**2 + 78*m + 81. Let d be p(-77). Let r(i) = i**2 - 7*i + 8. Give r(d).
-4
Let y be -20*3/(-6)*(51 + -11). Let b = -405 + y. Let m(h) = -h**3 - 5*h**2 + h. What is m(b)?
-5
Let k(o) = -45779 + 3*o**2 - 45783 - 16*o + 91563. Calculate k(3).
-20
Let z(i) be the second derivative of -i**5/20 - i**4/3 + 2*i**3/3 - 6*i**2 + 305*i - 2. Calculate z(-5).
-7
Let f(y) = y + 2. Let i(c) = -3*c - 5. Let o(m) = 7*f(m) + 2*i(m). Suppose 3*p - 15 = -3. Suppose -20 = 4*z - p*j, z = 3*j - j - 1. What is o(z)?
-5
Suppose -20*c - 17*c = -7622. Let p(q) = -207 + q + c + 0*q. Calculate p(6).
5
Let t(z) = 5*z - z**3 + 16 - 5 - 8*z**2 - 1 - 5 - 4. What is t(-9)?
37
Let t(j) = -5 - 2*j + j - 4*j**2 - 2 - 28*j**2 + 31*j**2. What is t(-5)?
-27
Let y(o) = 47*o**2 - o**3 - 1 + 40*o - 2 - 19*o**2 + 11*o**2. Let t be y(40). Let m(h) = h**3 + 2*h**2 - 4*h + 1. Give m(t).
4
Let f(g) be the second derivative of g**5/20 - 2*g**4/3 - g**2 - 2*g - 12. Let b be (-3)/(1 + 33/(-24)). Give f(b).
-2
Let j(f) = 11*f + 54. Let k(n) = -16*n - 55. Let x(u) = -4*j(u) - 3*k(u). What is x(16)?
13
Let s(v) = -14*v**2 - 2*v + 2. Let o(y) = y**3 + 45*y**2 + 12*y. Let z(q) = o(q) + 3*s(q). What is z(-3)?
-12
Let o be (-32)/(-8) - -1*101. Let y be 0 + -3 + -1*o/(-5). Let f(z) = -z**3 + 17*z**2 + 19*z - 21. Calculate f(y).
-3
Let n(q) be the third derivative of -7*q**4/24 - q**3/6 - 5*q**2 - 2. What is n(-3)?
20
Let w(c) = c**2 - 62*c + 685. Let h be w(15). Let b(f) = -f**2 - 17*f + 36. Calculate b(h).
-24
Let o(w) = 20*w**2 - 6*w - 5. Let g(c) = 11*c**2 - 3*c - 3. Let l be 4/22 + (-1360)/220. Let q(z) = l*o(z) + 11*g(z). Determine q(3).
15
Let x(v) = -v**2 + 97*v - 29. Let z be x(0). Let m(n) = n + 32. Calculate m(z).
3
Let u = 13 + -32. Let k = 15 + u. Let h(s) be the second derivative of s**5/20 + s**4/3 - 2*s**3/3 - 3*s**2 + 13*s. Determine h(k).
10
Suppose -6 + 16 = 5*u. Let b(x) be the first derivative of -3*x**4/4 + x**3 - x**2 + 5717. Determine b(u).
-16
Let d(z) = 7*z + 4. Let x(q) = 13*q + 7. Let n(l) = -25 - 51 - 11*l**2 + 93 + 13*l - l**3. Let g be n(-12). Let w(p) = g*d(p) - 3*x(p). Determine w(-3).
11
Let b(j) = j**2 + 2*j + 1. Let s(q) = -4*q**2 - 9*q - 4. Let k(r) = -9*b(r) - 2*s(r). Let m(c) = 2*c**3 + c**2 - 2*c - 3. Let x be m(-1). Calculate k(x).
-5
Let g(f) = -2*f**2 - 9191 + 14*f - 9177 + 18348. Give g(6).
-8
Suppose -x + 6 = 3*x + g, -2 = 2*x + 3*g. Suppose -3*b = x*b - 10. Let r(t) = 7 + 7 + b*t - 8. What is r(-5)?
-4
Suppose -5 = -3*p + 4*f, 44*p - 41*p + 2*f = 29. Let d(t) = -t**2 + 7*t + 15. Give d(p).
15
Let c(g) = -3*g + 60. Let l(y) = -2*y + 41. Let z(q) = 5*c(q) - 8*l(q). Calculate z(31).
3
Let z(g) = 2*g**2 + 2*g + 10. Let r be z(4). Let j(t) = t**2 + 98*t - 2 - 41*t - r*t. Determine j(-5).
-12
Let y(u) = -u**2 - u + 1. Suppose 3*l - 41 = -253*a + 257*a, -4*a = 32. Determine y(l).
-11
Let w be 12*((-20)/(-5))/12. Suppose w*o = -o. Let b(l) = -1. Let c(s) = -s - 1. Let g(f) = 6*b(f) - c(f). Calculate g(o).
-5
Suppose 0 = -5*x + 4*k + 194 - 224, 5*k = 25. Let p(g) = -34*g - 7. Calculate p(x).
61
Let b be (40/(-24))/((-15)/18). Let y(s) be the second derivative of 8*s + 0 - 1/2*s**3 + 1/2*s**2. Calculate y(b).
-5
Let c(t) = -t**2 + 8*t - 13. Let b be c(5). Suppose 8 = -0*q + 4*q + b*g, 5*q = -5*g. Suppose -23 + 35 = -q*d. Let s(y) = 3*y + 3. Determine s(d).
-6
Suppose -5*q - 32 = v, 14*q - 16*q = 3*v + 44. Let m be 16/(-7) + 10/35 - v. Let r(c) = 2*c - 6. Calculate r(m).
14
Suppose 4*q + m = 27 - 3, 0 = -5*q - 3*m + 23. Let o(r) = 0 + q - 10*r + 0*r + 5*r. Calculate o(-5).
32
Suppose -7 = -5*b + 3. Let g(w) = -2 - 4*w + 2 + b. Let f(y) = y. Let j(t) = 3*f(t) + g(t). Determine j(3).
-1
Let q(w) = -165 + 2*w**2 + 316 + 8*w - 172. Give q(-8).
43
Let g(s) = -6*s - 40. Let c(b) = -b - 7 + 1 + 0*b - 2. Let f(t) = -11*c(t) + 2*g(t). Let i(n) = -n**3 - 93*n**2 + 254*n - 3257. Let d be i(-96). Give f(d).
1
Let q(o) be the second derivative of -o**4/6 + 11*o**3/6 + 47*o**2/2 - 2061*o. Determine q(8).
7
Let k(d) = d**2 - 5*d - 2. Let i(q) = 6*q - 33. Let n = 69 - 64. Suppose 32 = 2*x - n*w, x + w - 4 = -2. Let o be i(x). Determine k(o).
-8
Let v(l) = l - 8. Let j(z) = 2. Let r(t) = -5*j(t) - 2*v(t). Suppose 0 + 5 = h. What is r(h)?
-4
Let r(l) = -l**3 - 7*l**2 - 6*l + 8. Suppose 0 = 2*y + y - j + 1, 0 = -y - 2*j - 5. Let b be -1*(-2 - (y - -4)). Let i be (-9)/((-9)/(-30)*b). What is r(i)?
8
Let f(v) = -6*v + 6. Let y(k) = 3*k - 3. Let i(q) = 6*f(q) + 13*y(q). Let h be (-50)/((-5)/((-25)/10)). Let j = h + 27. Calculate i(j).
3
Let z(i) = i**2 - 35*i + 64. Let k be z(33). Let h be 9/(-4) + k/(-8). Let p(w) = 2*w - 1. Determine p(h).
-5
Let k(u) be the second derivative of -u**6/360 + u**5/12 - 37*u**4/12 + 79*u. Let o(v) be the third derivative of k(v). Determine o(9).
-8
Let x(n) = -11*n - 17. Let p(d) = 6*d + 9. Let r(o) = -7*p(o) - 4*x(o). Suppose 5*v - 4*q - 42 = 0, 85*q - 6 = v + 89*q. What is r(v)?
17
Let o be 29 - (3/(-2) - (-99)/18). Let i(d) = -7*d**3 + 2*d**2 - 28*d**3 + d + o*d**3. What is i(-1)?
11
Let f(b) = 8*b + 59